at is 1217012 (base 12) in base 16?
35a84e
What is -1130034 (base 8) in base 11?
-19a909
Convert -46a4a7 (base 12) to base 11.
-707878
What is -10431424 (base 5) in base 8?
-265103
What is 91a464 (base 13) in base 16?
33c59e
Convert -21312110 (base 4) to base 11.
-28343
What is -2064466 (base 9) in base 11?
-695684
Convert -47a97 (base 15) to base 9.
-377417
What is -1012100013 (base 4) in base 11?
-187212
Convert 60601403 (base 7) to base 9.
10435175
4121131 (base 6) to base 16
3028f
-594ab (base 13) to base 9
-268120
Convert 12202311013 (base 4) to base 10.
1715527
Convert -12012120221202 (base 3) to base 15.
-399dd5
What is -1500003 (base 6) in base 11?
-592a3
What is -10101101000110000100011 (base 2) in base 9?
-11604430
What is 1545136 (base 8) in base 3?
211121110022
What is a63555 (base 12) in base 6?
132043345
What is -111303311 (base 4) in base 15?
-1b708
-175de8 (base 16) to base 9
-2783570
What is 46ec9b (base 15) in base 6?
200404402
What is 78a93 (base 11) in base 14?
2d9cb
-11314d (base 16) to base 15
-173ca8
What is 132002313 (base 4) in base 10?
123063
35261656 (base 9) to base 10
17164842
-624424 (base 7) to base 9
-173074
41960 (base 14) to base 2
100110101000110000
Convert 10010110011001010 (base 2) to base 13.
29083
Convert 5171 (base 14) to base 8.
33277
What is -5112351 (base 6) in base 14?
-64759
Convert 17666 (base 14) to base 9.
88703
11010001110101000 (base 2) to base 13
39b90
What is -61b71 (base 14) in base 15?
-49b9a
Convert -4225040 (base 6) to base 9.
-343356
Convert 402349 (base 12) to base 5.
223434043
Convert 28821 (base 10) to base 8.
70225
1513320 (base 7) to base 15
40c50
Convert -101202002220011 (base 3) to base 5.
-2430211210
Convert 131122302 (base 5) to base 2.
10011101100011001111
ba29c (base 14) to base 8
1557762
Convert -402543410 (base 6) to base 7.
-112165125
3221111301 (base 4) to base 2
11101001010101110001
Convert -2021555 (base 7) to base 3.
-110020012212
101000011011001000 (base 2) to base 6
3314320
Convert 3242423232 (base 5) to base 10.
6998567
Convert 1010011000000001000 (base 2) to base 6.
11141544
2175637 (base 9) to base 7
12650656
986d90 (base 14) to base 9
10644560
-652331 (base 10) to base 5
-131333311
54b70 (base 14) to base 5
23032220
What is -417a7 (base 12) in base 13?
-30097
-ddeda (base 15) to base 7
-5665300
Convert 315103040 (base 6) to base 5.
2410414022
Convert -84421 (base 12) to base 7.
-1321354
Convert 87332 (base 10) to base 4.
111110210
393adc (base 14) to base 16
1e0dc2
-1101101000010010111 (base 2) to base 8
-1550227
What is -122120022000 (base 4) in base 10?
-6914688
5ee7ef (base 16) to base 3
102200222220110
11000000010100010101 (base 2) to base 8
3002425
Convert 3411533 (base 6) to base 7.
1316514
Convert 15125105 (base 7) to base 15.
1d537b
What is -3a32 (base 14) in base 8?
-23774
Convert -13201130 (base 6) to base 10.
-435726
What is -3ead0a (base 15) in base 2?
-1011100010001011001000
Convert -221011202121 (base 3) to base 15.
-9bc67
Convert -80652 (base 12) to base 15.
-3465e
What is -2021200111 (base 3) in base 16?
-afa8
Convert -16b22b0 (base 13) to base 9.
-14777623
Convert 8c5984 (base 14) to base 2.
10010001110110010110000
What is 2624551 (base 8) in base 14?
15081b
-1101011000011111001100 (base 2) to base 10
-3508172
-258367 (base 15) to base 7
-21203533
What is -125b506 (base 12) in base 16?
-370a16
-10011000010100100101010 (base 2) to base 14
-93cd98
-102203001313 (base 4) to base 2
-10010100011000001110111
21554206 (base 7) to base 8
7065153
Convert 924bb (base 12) to base 14.
4d767
Convert 121010200 (base 4) to base 10.
102688
What is -51552340 (base 7) in base 2?
-10000100001101011101001
What is 382048 (base 10) in base 11?
241047
174060 (base 8) to base 3
10020011012
2a3074 (base 14) to base 12
5a9752
What is -11121212222210 (base 3) in base 10?
-2458182
-120793 (base 12) to base 8
-1071137
What is -27567 (base 10) in base 8?
-65657
Convert 268481 (base 14) to base 8.
5043541
-425528 (base 12) to base 10
-1046192
What is 130708 (base 9) in base 11?
54648
What is 6a5ac (base 16) in base 11?
278326
-326356 (base 9) to base 5
-22214222
What is -62881 (base 13) in base 7?
-1335445
Convert 113251024 (base 6) to base 9.
3883477
Convert -1cb7a9 (base 14) to base 9.
-1840543
Convert 100121012 (base 4) to base 7.
366515
-cb1a4 (base 14) to base 3
-220222020022
Convert -1111010000010100011 (base 2) to base 15.
-9d1a0
Convert cf94 (base 16) to base 8.
147624
69316 (base 16) to base 6
13122434
-127ab82 (base 13) to base 6
-324100345
10120220110 (base 3) to base 5
4230034
-11212020000 (base 3) to base 7
-545616
525425 (base 9) to base 8
1142047
-318421 (base 12) to base 2
-10111110110101011001
-4232773 (base 8) to base 6
-40101523
-124031040 (base 5) to base 12
-255997
-66187c (base 13) to base 5
-1103342101
-d659a (base 16) to base 11
-54a702
8a94c (base 14) to base 9
562650
2511225 (base 9) to base 3
2120101020212
626133 (base 7) to base 14
2b3c3
What is 2032210312 (base 4) in base 8?
2164466
1c9364 (base 14) to base 12
414850
What is -5055 (base 12) in base 11?
-65a4
Convert 221231013 (base 4) to base 12.
82a33
What is -1144450 (base 6) in base 7?
-341556
Convert 71aa01 (base 11) to base 7.
12554530
Convert 1b857 (base 15) to base 6.
1530544
-215574 (base 8) to base 13
-27056
Convert b2353a (base 12) to base 10.
2784574
2311000333 (base 4) to base 13
1cc62a
Convert 1a387a4 (base 11) to base 9.
6418448
258c22 (base 13) to base 15
12d24d
What is -21881535 (base 9) in base 16?
-a219c1
What is -7782a6 (base 11) in base 9?
-2301112
a4b82 (base 15) to base 8
1774153
Convert -334322002 (base 5) to base 14.
-2a7319
What is -2e972 (base 15) in base 16?
-24c68
What is 13abbb (base 15) in base 2?
11100111010111000011
What is 934e (base 15) in base 10?
31124
c9b8 (base 14) to base 4
20200212
Convert 94769 (base 12) to base 6.
4101013
Convert -31457 (base 9) to base 5.
-1131123
-36613 (base 8) to base 13
-722c
What is 131310310003 (base 4) in base 10?
7818499
1778419 (base 11) to base 12
1013465
Convert c02d5 (base 14) to base 12.
1a3143
What is -1001010203322 (base 4) in base 8?
-101044372
What is -2a968 (base 13) in base 16?
-13b3b
What is -22201233 (base 5) in base 7?
-1435301
15242316 (base 7) to base 16
1636ec
101011011101110100010 (base 2) to base 9
2610674
Convert 30022031 (base 4) to base 7.
265130
-6622bb (base 12) to base 3
-10001100222222
What is 1010000111001011011011 (base 2) in base 7?
31350256
Convert 26546462 (base 7) to base 15.
335912
Convert 687050 (base 9) to base 5.
101140210
Convert 167381 (base 14) to base 2.
11000000011100000101
19a451 (base 13) to base 7
5351055
100101011110110010 (base 2) to base 15
3074c
What is -31565265 (base 8) in base 16?
-66eab5
What is -10100101010011010 (base 2) in base 16?
-14a9a
3024603 (base 7) to base 8
1275772
6cc38 (base 14) to base 4
1000321202
-2abdb (base 15) to base 6
-2541225
Convert 7dcd8 (base 16) to base 2.
1111101110011011000
-29457 (base 13) to base 9
-127450
Convert c93 (base 15) to base 14.
106a
-476670 (base 8) to base 14
-436d2
What is -10096 (base 10) in base 14?
-3972
What is 10101011111011 (base 2) in base 12?
644b
What is 3221104 (base 5) in base 11?
37a72
What is -93667 (base 12) in base 9?
-323357
What is -10001100101000111100 (base 2) in base 15?
-b5a40
What is -2749029 (base 13) in base 7?
-210166614
Convert -101101011001110000111 (base 2) to base 7.
-15434316
What is -33167b (base 13) in base 14?
-234519
Convert 96a61 (base 11) to base 9.
234412
-106510 (base 8) to base 3
-1211121120
What is 38590b (base 12) in base 16?
e12db
-6a569 (base 13) to base 6
-4055220
-1360661 (base 7) to base 12
-89965
2212020202 (base 3) to base 14
16747
Convert -d9e30 (base 15) to base 12.
-294353
Convert -33230113012 (base 4) to base 6.
-224101354
344510 (base 13) to base 3
2022212220022
What is 1000202121020 (base 3) in base 14?
10320b
-1ac242 (base 15) to base 8
-4770015
What is -34425332 (base 6) in base 9?
-1886782
Convert 214102 (base 10) to base 4.
310101112
-22120211112 (base 3) to base 14
-4583d
What is 475218 (base 10) in base 15?
95c13
-52151252 (base 6) to base 14
-2b3596
What is -b1323 (base 12) in base 5?
-24332113
What is -62b586 (base 13) in base 14?
-441ba2
Convert 3032001000 (base 4) to bas